{"id":48,"date":"2024-06-26T17:14:16","date_gmt":"2024-06-26T17:14:16","guid":{"rendered":"http:\/\/palabrasdevida.com\/systemproword\/?page_id=48"},"modified":"2025-04-10T16:53:25","modified_gmt":"2025-04-10T16:53:25","slug":"bienvenida","status":"publish","type":"page","link":"http:\/\/palabrasdevida.com\/systemproword\/bienvenida\/","title":{"rendered":"Bienvenida"},"content":{"rendered":"\n<p><strong>Nuestro mensaje es este:<\/strong><br><em>\u201cEl cual, siendo en forma de Dios, no estim\u00f3 el ser igual a Dios como cosa a que aferrarse,<br>sino que se despoj\u00f3 a s\u00ed mismo, tomando forma de siervo, hecho semejante a los hombres;<br>y estando en la condici\u00f3n de hombre, se humill\u00f3 a s\u00ed mismo, haci\u00e9ndose obediente hasta la muerte,<br>\u00a1y muerte de cruz!<br>Por lo cual Dios tambi\u00e9n le exalt\u00f3 hasta lo sumo, y le dio un nombre que es sobre todo nombre,<br>para que en el nombre de Jes\u00fas se doble toda rodilla de los que est\u00e1n en los cielos, y en la tierra,<br>y debajo de la tierra; y toda lengua confiese que Jesucristo es el Se\u00f1or, para gloria de Dios Padre\u201d<\/em><br><strong>Filipenses 2:6\u201311<\/strong> (RVR1960)<\/p>\n\n\n\n<p><em><strong>\u00bfPor qu\u00e9 este terrible sacrificio?<\/strong><\/em><br>La respuesta es tan sencilla como profunda: <strong>por amor<\/strong>. S\u00ed, aunque pueda parecerte sin sentido, <strong>Jes\u00fas \u2014Dios encarnado, como acabamos de leer\u2014 se entreg\u00f3 a S\u00ed mismo por toda la humanidad<\/strong>, para pagar el alt\u00edsimo precio de rescate de nuestras vidas. Ese precio, ni t\u00fa ni yo podr\u00edamos jam\u00e1s pagarlo.<\/p>\n\n\n\n<p><em><strong>\u00bfEste mensaje de salvaci\u00f3n y nueva vida es tambi\u00e9n para ti?<\/strong><\/em><br><em>\u201cPorque de tal manera am\u00f3 Dios al mundo, que ha dado a su Hijo unig\u00e9nito,<br>para que todo aquel que en \u00c9l cree, no se pierda, mas tenga vida eterna.<br>Porque no envi\u00f3 Dios a su Hijo al mundo para condenar al mundo,<br>sino para que el mundo sea salvo por \u00c9l\u201d<\/em><br><strong>Juan 3:16\u201317<\/strong> (RVR1960)<\/p>\n\n\n\n<p>S\u00ed, este mensaje es para ti. Dios <strong>te ama<\/strong> y est\u00e1 llamando ahora mismo a tu coraz\u00f3n.<br><em>\u201cPorque no hay acepci\u00f3n de personas para con Dios\u201d<\/em><br><strong>Romanos 2:11<\/strong> (RVR1960)<\/p>\n\n\n\n<p>Recuerda esta verdad eterna:<br><em>\u00abNunca podr\u00e1s hacer en toda tu vida nada tan bueno delante de Dios como para que te ame m\u00e1s de lo que ya te ama;<br>ni nada tan malo como para que te ame menos.\u00bb<\/em><\/p>\n\n\n\n<p>Amigo, amiga\u2026<br><strong>no existe en este mundo un solo ser humano que se halle libre de pecado<\/strong>.<br>Si as\u00ed hubiera sido, la muerte de Jes\u00fas como nuestro \u00fanico Redentor no tendr\u00eda sentido.<br>Justamente \u00c9l pag\u00f3 el alto precio de nuestro rescate <strong>porque no hab\u00eda sobre toda la tierra un solo hombre que se mantuviese fiel a Dios, nuestro Padre, como lo hizo Jes\u00fas<\/strong>.<\/p>\n\n\n\n<p>Anhelamos con todo nuestro coraz\u00f3n que puedas sentirte como en tu propia casa.<br>Y que todo lo que leas en este sitio ayude a edificar tu fe sobre la \u00fanica base posible: <strong>Jesucristo<\/strong>.<\/p>\n\n\n\n<p>Finalmente, queremos compartir contigo la verdad que abre el camino de todo cristiano: <br><em>\u201cJes\u00fas le dijo: Yo soy el camino, y la verdad, y la vida; nadie viene al Padre, sino por m\u00ed\u201d<\/em><br><strong>Juan 14:6<\/strong> (RVR1960)<\/p>\n\n\n\n<p><em>\u201cPorque hay un solo Dios, y un solo mediador entre Dios y los hombres, Jesucristo hombre,<br>el cual se dio a S\u00ed mismo en rescate por todos\u201d<\/em><br><strong>1 Timoteo 2:5\u20136<\/strong> (RVR1960)<\/p>\n\n\n\n<p>Amigo querido, amiga de nuestro coraz\u00f3n:<br><strong>esta web fue creada con el \u00fanico fin de servirte y poner al alcance de tu mano todo lo que hemos recibido de manos del Se\u00f1or Jes\u00fas<\/strong>.<br>Sabemos que <strong>sirvi\u00e9ndote a ti, le servimos a \u00c9l<\/strong>, tal como nos lo pidi\u00f3:<br><em>\u201cY les dijo: Id por todo el mundo y predicad el evangelio a toda criatura\u201d<\/em><br><strong>Marcos 16:15<\/strong> (RVR1960)<\/p>\n\n\n\n<p>Esto es, humildemente, lo que procuramos hacer cada d\u00eda.<\/p>\n\n\n\n<p>\u00abQue la paz y la abundancia que encontramos en Jes\u00fas llenen tu vida\u201d.<br>Te saluda con amor fraternal, <strong>Daniel Liandro.<\/strong><br><em>En todo tiempo ama el amigo,<br>Y es como un hermano en tiempo de angustia.<\/em><br>(Proverbios 17:17)<\/p>\n\n\n\n<p><\/p>\n","protected":false},"excerpt":{"rendered":"<p>Nuestro mensaje es este:\u201cEl cual, siendo en forma de Dios, no estim\u00f3 el ser igual a Dios como cosa a [&hellip;]<\/p>\n","protected":false},"author":2,"featured_media":0,"parent":0,"menu_order":0,"comment_status":"closed","ping_status":"closed","template":"","meta":{"site-sidebar-layout":"default","site-content-layout":"","ast-site-content-layout":"default","site-content-style":"default","site-sidebar-style":"default","ast-global-header-display":"","ast-banner-title-visibility":"","ast-main-header-display":"","ast-hfb-above-header-display":"","ast-hfb-below-header-display":"","ast-hfb-mobile-header-display":"","site-post-title":"","ast-breadcrumbs-content":"","ast-featured-img":"","footer-sml-layout":"","ast-disable-related-posts":"","theme-transparent-header-meta":"","adv-header-id-meta":"","stick-header-meta":"","header-above-stick-meta":"","header-main-stick-meta":"","header-below-stick-meta":"","astra-migrate-meta-layouts":"default","ast-page-background-enabled":"default","ast-page-background-meta":{"desktop":{"background-color":"var(--ast-global-color-4)","background-image":"","background-repeat":"repeat","background-position":"center center","background-size":"auto","background-attachment":"scroll","background-type":"","background-media":"","overlay-type":"","overlay-color":"","overlay-opacity":"","overlay-gradient":""},"tablet":{"background-color":"","background-image":"","background-repeat":"repeat","background-position":"center center","background-size":"auto","background-attachment":"scroll","background-type":"","background-media":"","overlay-type":"","overlay-color":"","overlay-opacity":"","overlay-gradient":""},"mobile":{"background-color":"","background-image":"","background-repeat":"repeat","background-position":"center center","background-size":"auto","background-attachment":"scroll","background-type":"","background-media":"","overlay-type":"","overlay-color":"","overlay-opacity":"","overlay-gradient":""}},"ast-content-background-meta":{"desktop":{"background-color":"var(--ast-global-color-5)","background-image":"","background-repeat":"repeat","background-position":"center center","background-size":"auto","background-attachment":"scroll","background-type":"","background-media":"","overlay-type":"","overlay-color":"","overlay-opacity":"","overlay-gradient":""},"tablet":{"background-color":"var(--ast-global-color-5)","background-image":"","background-repeat":"repeat","background-position":"center center","background-size":"auto","background-attachment":"scroll","background-type":"","background-media":"","overlay-type":"","overlay-color":"","overlay-opacity":"","overlay-gradient":""},"mobile":{"background-color":"var(--ast-global-color-5)","background-image":"","background-repeat":"repeat","background-position":"center center","background-size":"auto","background-attachment":"scroll","background-type":"","background-media":"","overlay-type":"","overlay-color":"","overlay-opacity":"","overlay-gradient":""}},"footnotes":""},"class_list":["post-48","page","type-page","status-publish","hentry"],"_links":{"self":[{"href":"http:\/\/palabrasdevida.com\/systemproword\/wp-json\/wp\/v2\/pages\/48","targetHints":{"allow":["GET"]}}],"collection":[{"href":"http:\/\/palabrasdevida.com\/systemproword\/wp-json\/wp\/v2\/pages"}],"about":[{"href":"http:\/\/palabrasdevida.com\/systemproword\/wp-json\/wp\/v2\/types\/page"}],"author":[{"embeddable":true,"href":"http:\/\/palabrasdevida.com\/systemproword\/wp-json\/wp\/v2\/users\/2"}],"replies":[{"embeddable":true,"href":"http:\/\/palabrasdevida.com\/systemproword\/wp-json\/wp\/v2\/comments?post=48"}],"version-history":[{"count":8,"href":"http:\/\/palabrasdevida.com\/systemproword\/wp-json\/wp\/v2\/pages\/48\/revisions"}],"predecessor-version":[{"id":357,"href":"http:\/\/palabrasdevida.com\/systemproword\/wp-json\/wp\/v2\/pages\/48\/revisions\/357"}],"wp:attachment":[{"href":"http:\/\/palabrasdevida.com\/systemproword\/wp-json\/wp\/v2\/media?parent=48"}],"curies":[{"name":"wp","href":"https:\/\/api.w.org\/{rel}","templated":true}]}}