{"id":68,"date":"2024-06-26T17:24:12","date_gmt":"2024-06-26T17:24:12","guid":{"rendered":"http:\/\/palabrasdevida.com\/systemproword\/?page_id=68"},"modified":"2024-06-26T20:46:33","modified_gmt":"2024-06-26T20:46:33","slug":"oracion-de-fe","status":"publish","type":"page","link":"http:\/\/palabrasdevida.com\/systemproword\/oracion-de-fe\/","title":{"rendered":"Oraci\u00f3n de Fe"},"content":{"rendered":"\n<p>Se\u00f1or, ay\u00fadame a decir la verdad delante de los fuertes,&nbsp;<br>y a no mentir para ganarme el aplauso de los d\u00e9biles.<br><br>Si me das fortuna, no me quites la felicidad.<br><br>Si me das fuerza, no me quites la raz\u00f3n.<br><br>Si me das \u00e9xito, no me quites la humildad.<br><br>Si transito tiempos de necesidad, no me quites la dignidad.<br><br>Ay\u00fadame siempre a ver el otro lado de las cosas.<br><br>No me dejes inculpar de traici\u00f3n a los dem\u00e1s por no pensar como yo.<br><br>Ens\u00e9\u00f1ame a querer a la gente como a m\u00ed mismo y a no juzgar a los dem\u00e1s.<br><br>No me dejes caer en el orgullo si triunfo, ni en la desesperaci\u00f3n si fracaso.<br>Mas bien ay\u00fadame a recordar que el fracaso es la experiencia que precede al triunfo.<br><br>Recu\u00e9rdame que perdonar es lo m\u00e1s grande del fuerte,&nbsp;<br>y que la venganza es la primitiva se\u00f1al del d\u00e9bil.<br><br>Si me quitas la fortuna, fortalece mi esperanza.<br><br>Si me quitas el \u00e9xito, conc\u00e9deme fuerza para aprender del fracaso.<br><br>Si yo faltara a la gente, ot\u00f3rgame el valor para disculparme.<br><br>Si la gente faltara conmigo, dame valor para perdonar.<br><br>Se\u00f1or&#8230;, si yo te olvidara, conf\u00edo en Tu promesa:&nbsp;<br><br>\u00ab<strong>Hijo, nunca me olvidar\u00e9 de ti<\/strong>\u00bb (Isa\u00edas 49:15) .<\/p>\n\n\n\n<p><strong><br>Gracias Pap\u00e1 !!!<\/strong><\/p>\n","protected":false},"excerpt":{"rendered":"<p>Se\u00f1or, ay\u00fadame a decir la verdad delante de los fuertes,&nbsp;y a no mentir para ganarme el aplauso de los d\u00e9biles. [&hellip;]<\/p>\n","protected":false},"author":2,"featured_media":0,"parent":0,"menu_order":0,"comment_status":"closed","ping_status":"closed","template":"","meta":{"site-sidebar-layout":"default","site-content-layout":"","ast-site-content-layout":"default","site-content-style":"default","site-sidebar-style":"default","ast-global-header-display":"","ast-banner-title-visibility":"","ast-main-header-display":"","ast-hfb-above-header-display":"","ast-hfb-below-header-display":"","ast-hfb-mobile-header-display":"","site-post-title":"","ast-breadcrumbs-content":"","ast-featured-img":"","footer-sml-layout":"","ast-disable-related-posts":"","theme-transparent-header-meta":"","adv-header-id-meta":"","stick-header-meta":"","header-above-stick-meta":"","header-main-stick-meta":"","header-below-stick-meta":"","astra-migrate-meta-layouts":"default","ast-page-background-enabled":"default","ast-page-background-meta":{"desktop":{"background-color":"var(--ast-global-color-4)","background-image":"","background-repeat":"repeat","background-position":"center center","background-size":"auto","background-attachment":"scroll","background-type":"","background-media":"","overlay-type":"","overlay-color":"","overlay-opacity":"","overlay-gradient":""},"tablet":{"background-color":"","background-image":"","background-repeat":"repeat","background-position":"center center","background-size":"auto","background-attachment":"scroll","background-type":"","background-media":"","overlay-type":"","overlay-color":"","overlay-opacity":"","overlay-gradient":""},"mobile":{"background-color":"","background-image":"","background-repeat":"repeat","background-position":"center center","background-size":"auto","background-attachment":"scroll","background-type":"","background-media":"","overlay-type":"","overlay-color":"","overlay-opacity":"","overlay-gradient":""}},"ast-content-background-meta":{"desktop":{"background-color":"var(--ast-global-color-5)","background-image":"","background-repeat":"repeat","background-position":"center center","background-size":"auto","background-attachment":"scroll","background-type":"","background-media":"","overlay-type":"","overlay-color":"","overlay-opacity":"","overlay-gradient":""},"tablet":{"background-color":"var(--ast-global-color-5)","background-image":"","background-repeat":"repeat","background-position":"center center","background-size":"auto","background-attachment":"scroll","background-type":"","background-media":"","overlay-type":"","overlay-color":"","overlay-opacity":"","overlay-gradient":""},"mobile":{"background-color":"var(--ast-global-color-5)","background-image":"","background-repeat":"repeat","background-position":"center center","background-size":"auto","background-attachment":"scroll","background-type":"","background-media":"","overlay-type":"","overlay-color":"","overlay-opacity":"","overlay-gradient":""}},"footnotes":""},"class_list":["post-68","page","type-page","status-publish","hentry"],"_links":{"self":[{"href":"http:\/\/palabrasdevida.com\/systemproword\/wp-json\/wp\/v2\/pages\/68","targetHints":{"allow":["GET"]}}],"collection":[{"href":"http:\/\/palabrasdevida.com\/systemproword\/wp-json\/wp\/v2\/pages"}],"about":[{"href":"http:\/\/palabrasdevida.com\/systemproword\/wp-json\/wp\/v2\/types\/page"}],"author":[{"embeddable":true,"href":"http:\/\/palabrasdevida.com\/systemproword\/wp-json\/wp\/v2\/users\/2"}],"replies":[{"embeddable":true,"href":"http:\/\/palabrasdevida.com\/systemproword\/wp-json\/wp\/v2\/comments?post=68"}],"version-history":[{"count":2,"href":"http:\/\/palabrasdevida.com\/systemproword\/wp-json\/wp\/v2\/pages\/68\/revisions"}],"predecessor-version":[{"id":96,"href":"http:\/\/palabrasdevida.com\/systemproword\/wp-json\/wp\/v2\/pages\/68\/revisions\/96"}],"wp:attachment":[{"href":"http:\/\/palabrasdevida.com\/systemproword\/wp-json\/wp\/v2\/media?parent=68"}],"curies":[{"name":"wp","href":"https:\/\/api.w.org\/{rel}","templated":true}]}}